 - 2*m + 7. Let g be ((-28)/49)/(2/m). Suppose -5*q + w = -322, g*q - 139 = -5*w + 2*w. List the prime factors of q.
5, 13
Suppose 2*u - 9 = 51. Suppose 12*n = 6*n - u. Let r(o) = 8*o**2 - 6*o - 39. What are the prime factors of r(n)?
191
List the prime factors of ((-25)/(-10))/(19/59014).
5, 1553
What are the prime factors of 208742/4 - (31 + 63/(-2))?
2, 97, 269
Suppose 21*i = 19*i - 122. Let o = -59 - i. Let s = 230 - o. What are the prime factors of s?
2, 3, 19
What are the prime factors of 7165 + (-1739)/376 + (-6)/16?
2, 5, 179
Suppose -f = -3*a - 80 + 10, -2*a - 298 = -5*f. Suppose -31 = q - 5*l, 0*l = 3*l. Let k = q + f. List the prime factors of k.
3
Let v = -24 - -13. Let y(u) = 2*u**3 + 26*u**2 + 9*u + 7. What are the prime factors of y(v)?
2, 7
Suppose -1598 - 268 = 3*w. What are the prime factors of 1/(-1)*w + 14 + -16?
2, 5, 31
Suppose -8*v - 1932 + 18628 = 0. List the prime factors of v.
2087
Suppose -176*p + 2874 = -182*p. Let z = 968 + p. What are the prime factors of z?
3, 163
Suppose 5*b - 4*x = 69020, 159*b + x = 158*b + 13804. What are the prime factors of b?
2, 7, 17, 29
Let k(l) = -5*l - 37. Let y(x) = -x - 1. Let q(f) = k(f) - 6*y(f). Let j be q(0). Let a = 81 + j. List the prime factors of a.
2, 5
Let q(a) = 4*a + 97. Let v(z) = z**2 + 17*z - 19. Let c be v(-17). List the prime factors of q(c).
3, 7
Let v(y) = -20*y**2 - 13*y + 3. Let w be v(5). Let a = 1019 + w. What are the prime factors of a?
457
Suppose -4*m + 18 = 3*r - r, 0 = -m - 3*r + 12. Let c be 6/(-9) + (-11)/(-3). Suppose 7*d - 2*d - 83 = -c*a, 0 = -a - m*d + 29. List the prime factors of a.
2, 13
Let k = 640 + -188. Let c = 181 + k. List the prime factors of c.
3, 211
Suppose 0 = 11*y + 432 - 531. Suppose 4*x + 9596 = y*x - g, -4*g + 16 = 0. What are the prime factors of x?
2, 3, 5
Suppose 115 = -7*g + 122. Let j(l) = 10*l**2 + 7*l - 1. What are the prime factors of j(g)?
2
Let w = -32 + 35. Let g be (-8827)/(-21) - 4/w. Let l = -294 + g. List the prime factors of l.
5
Suppose 3*r - 131 = 100. Suppose -r = k - 79. Suppose -k*g + 475 = 3*g. What are the prime factors of g?
5, 19
Suppose 643 = -5*x + 38. Let d = -73 - x. Suppose 3*n - d = -5*h + 34, -n + 5*h = 6. List the prime factors of n.
19
Let b = -1 - -14. Let q = b - -4. Suppose q = 6*z - 25. List the prime factors of z.
7
Suppose 182 = 2*v + 170. What are the prime factors of 33/(v*6/768)?
2, 11
Let h(c) = -c**2 - 2*c - 6. Let l be h(5). Let b = -20 - -140. Let f = l + b. What are the prime factors of f?
79
Let c = 46015 - 27509. List the prime factors of c.
2, 19, 487
Suppose 0 = -3*a + 4*h + 2213 + 1359, -h + 4 = 0. What are the prime factors of a?
2, 13, 23
Suppose -206*x + 59*x + 1192532 = -7618942. List the prime factors of x.
2, 17, 41, 43
Suppose 3*v - 102 = 18. Suppose r + 112 = 2*k - 3*r, 97 = 2*k + r. Let s = k - v. What are the prime factors of s?
2, 5
Let m be (-2)/(-11) - (27/(-33) - 2). Suppose -10*i - m = -11*i. List the prime factors of -10*4/(-8)*(i + 40).
5, 43
Let s = -25312 - -30967. What are the prime factors of s?
3, 5, 13, 29
Suppose 23*f + 24*f - 142064 = 31*f. What are the prime factors of f?
13, 683
Suppose 130*u - 1231015 = 5478155. List the prime factors of u.
3, 17203
Suppose 5*r - 5*u = 0, 0 = -3*u - 3 - 3. List the prime factors of 3 - (1563/(-6) + 1/r).
2, 3, 11
Suppose -h + 10 = 4*h. Suppose 2*d - 8 = h*p, 2*p + p = d. Suppose -d*n + 47 = -85. What are the prime factors of n?
2, 11
Let j = -140 - -295. Let h = 90 + j. What are the prime factors of h?
5, 7
Let w = 220 - 165. Let d = w + 22. List the prime factors of d.
7, 11
Let g = 186 + -185. Let a(s) = 110*s - 2. What are the prime factors of a(g)?
2, 3
Suppose -2*j + 286 - 94 = 0. Let z = j - 47. Let w = z - -34. What are the prime factors of w?
83
Let q be (-336)/(-15) - 0 - (-4)/(-10). Let o(l) = -2*l**2 + 53*l + 1. What are the prime factors of o(q)?
199
Let y(i) = -475*i + 125. What are the prime factors of y(-7)?
2, 3, 5, 23
Suppose 0 = 3*m - 5 + 20. Let u be 1/(-4)*(-1 + m - 2). Suppose 35 + 69 = u*j. What are the prime factors of j?
2, 13
Let z(t) = -6 - 1 - 45*t**2 + 4*t + 136*t**2 + 30*t**2. What are the prime factors of z(2)?
5, 97
Let m(y) = -184 + 25*y - 29 + 27. List the prime factors of m(33).
3, 71
List the prime factors of ((-28950)/(-35))/((-78)/(-728)).
2, 5, 193
Let w(r) = r**2 - r - 52. Let n be w(8). Suppose 0 = -h - n*m - 12, -45 = 5*h + 4*m + m. List the prime factors of (-10)/40 + (-1138)/h.
2, 71
Suppose -23 - 13 = -12*j. Suppose 5*u - j*x - 601 = -47, -3*u + 315 = 4*x. List the prime factors of u.
109
Suppose 4*v = 2*j + 12, 2*j - 2*v + 10 = 3*j. Suppose -3*t + j*y + 2301 = 2*t, -3*t + 4*y = -1389. List the prime factors of t.
3, 17
Let x(h) = -3*h**3 + 9*h**2 + 24*h - 25. Let i be x(9). Let j = 2292 + i. What are the prime factors of j?
5, 41
Let v(z) = -3*z**3 - 13*z**2 - 22*z + 24. What are the prime factors of v(-9)?
2, 3, 113
List the prime factors of ((-8 - -10) + -12)/2 - (-102153)/3.
2, 29, 587
What are the prime factors of (17/(-34) + -1)/(6/(-59672))?
2, 7459
Let z(o) = 12*o**2 + 4*o + 4. Let s be z(-1). Suppose -s*h + 1565 = -5887. List the prime factors of h.
3, 23
Suppose 0 = -3*p + 3*i + 32679, -140*p + 142*p - 21807 = -5*i. List the prime factors of p.
2, 3, 227
Suppose -3*r + 89902 = -2*i, 8*i - 29993 = -r + 5*i. List the prime factors of r.
2, 59, 127
Let n = 72 + -60. Let i(y) = -y**2 + 16*y - 2. Let p be i(n). Let q = p + 86. What are the prime factors of q?
2, 3, 11
List the prime factors of -28*((-120)/(-400))/((-12)/7850).
5, 7, 157
Suppose 2427 = 3*s + 39. Let l = 1536 - s. What are the prime factors of l?
2, 5, 37
Suppose 0 = -4*o + 4*t + 60348, -7*o + 12*o = 4*t + 75438. Suppose -47*f = -o - 43472. List the prime factors of f.
2, 7, 89
Let f(u) = u**3 + 13*u**2 - 10*u + 66. Let y be f(-12). Let r = -279 + y. What are the prime factors of r?
3, 17
Suppose 4*z + 18*a = 15*a + 83351, -3*z = a - 62517. List the prime factors of z.
2, 5, 521
Let j(n) = -2*n**2 - 83*n + 134. Let w be j(-43). Suppose t - 3*t - 116 = -4*i, 2*i = -t + 50. Let m = i - w. What are the prime factors of m?
2, 11
Let j be ((-49)/28)/(1/(-4)) + -3. Suppose 3*p - 19 + j = 0. Suppose -3*u = 6*x - x - 473, -p*u = -2*x + 214. List the prime factors of x.
97
Let g = 65 - 65. Suppose -7*w + 9*w - 6 = g. List the prime factors of 2 - (-7 - (-3 + w - 0)).
3
Let r be 7098/(-168)*(-4)/(-1 + 0). Let c = 52 - r. What are the prime factors of c?
13, 17
Let l = 13196 - 5970. List the prime factors of l.
2, 3613
Let w(r) = -2*r**2 + 2*r - 3. Let y be w(0). Let p(s) = -248*s - 72. What are the prime factors of p(y)?
2, 3, 7
Let l = 23249 - 14689. List the prime factors of l.
2, 5, 107
Let d(s) = 10797*s - 26. Let o be d(1). Suppose 0 = 15*k - 1724 - o. What are the prime factors of k?
7, 17
Suppose 39*g - 786 = 33*g. Let x = 553 - g. List the prime factors of x.
2, 211
Let b(y) = y**2 + 10*y - 41. Let g be ((-23)/6 - -4) + 1503/54. What are the prime factors of b(g)?
3, 11, 31
Let f = -6192 + 9697. What are the prime factors of f?
5, 701
Let h(j) = -j**2 - 5*j - 5. Let y be h(-2). Suppose y - 13 = -3*z. Suppose -33 = -c + z. What are the prime factors of c?
37
What are the prime factors of (-39 + 17)*(-1916)/2?
2, 11, 479
Let y(h) = -2*h**3 + 4*h**2 - 9*h + 12. Let q be y(6). Let g be ((-68)/(-12) - 3)*q/(-4). Suppose -4*r - g = -6*r. What are the prime factors of r?
2, 5, 11
Let k = -22 + 27. Suppose -a = -2*n + 1475, -3*a = -k*n + 2*a + 3700. List the prime factors of n.
3, 5, 7
List the prime factors of 7702290/495 - (-8)/(-44).
2, 5, 389
Suppose -6 = -2*s, 2*s - 27 = -4*o + 19. Suppose -2*t + o + 2 = 0. Let r(i) = -i**3 + 7*i**2 - 2*i + 11. What are the prime factors of r(t)?
5, 7
Suppose -669636 = -11*k - 55*k + 33*k. What are the prime factors of k?
2, 3, 19, 89
Let r = -8312 - -25769. List the prime factors of r.
3, 11, 23
Suppose 0 = 3*z + 20*w - 17*w - 5739, -9589 = -5*z + w. List the prime factors of z.
3, 71
Suppose -37141 = -15*s + 310349. What are the prime factors of s?
2, 3, 11, 13
Let j(t) = -9*t - 4. Let r(k) = 10*k + 3. Let c(h) = 3*j(h) + 4*r(h). Suppose 4*x + 35 = 5*n, 0*n + 19 = -2*n - 5*x. What are the prime factors of c(n)?
3, 13
Suppose -13*z - 3216 = -11770. Let w = z - 127. List th